01001011
In base 10, what is -185134 - -4?
-185130
In base 11, what is 0 + 5930?
5930
In base 9, what is -748 + 148?
-600
In base 7, what is 60 - -2636?
3026
In base 11, what is 406a3 - 5?
40699
In base 7, what is 140 - -1006?
1146
In base 5, what is 0 + -2420?
-2420
In base 16, what is c9e7 + -c?
c9db
In base 5, what is 32202100 - 3?
32202042
In base 15, what is bce8 + -1?
bce7
In base 5, what is -130134 - 333?
-131022
In base 16, what is -21d7 + 78?
-215f
In base 3, what is 10 + 1122120000?
1122120010
In base 15, what is e - 16644?
-16635
In base 13, what is 394 - 28?
369
In base 14, what is -13494 + 5?
-1348d
In base 9, what is -1512233 + 0?
-1512233
In base 5, what is 2323343 - 0?
2323343
In base 6, what is 20400343 - 0?
20400343
In base 4, what is 3 + 322202?
322211
In base 5, what is 41313211 - -4?
41313220
In base 5, what is -1321 + 230303?
223432
In base 10, what is -69 + -195?
-264
In base 4, what is -30220 + -220?
-31100
In base 10, what is 1342 - -108?
1450
In base 5, what is 130312 + 241?
131103
In base 4, what is -33003122 + 100?
-33003022
In base 6, what is -200552 - 15?
-201011
In base 13, what is 0 + 3aa7?
3aa7
In base 15, what is -2448e - -17?
-24477
In base 7, what is -316 + 1046?
430
In base 14, what is -135d7 + -1?
-135d8
In base 12, what is 1367 + 146?
14b1
In base 13, what is 1216bb + -7?
1216b4
In base 14, what is -a1b7 - a?
-a1c3
In base 15, what is 1a9e - 4?
1a9a
In base 13, what is -4 + -507c?
-5083
In base 8, what is 5 - -77155?
77162
In base 14, what is -5 - 7911?
-7916
In base 15, what is 0 + -83ad?
-83ad
In base 2, what is 10110110010 + -111?
10110101011
In base 6, what is -412421 - -4?
-412413
In base 13, what is -1cac - -14?
-1c98
In base 14, what is -8bc - -17?
-8a5
In base 2, what is -110 - 1011011001?
-1011011111
In base 5, what is -1444313 - -10?
-1444303
In base 2, what is 11010 + 10111000101011?
10111001000101
In base 2, what is 110010110 - 110110010010?
-101111111100
In base 6, what is 5 - -12111443?
12111452
In base 6, what is -3500 + 2410?
-1050
In base 10, what is 1 + -43447?
-43446
In base 8, what is 17102 + -3?
17077
In base 10, what is 3 - 5093?
-5090
In base 4, what is 1001 + 1020310?
1021311
In base 13, what is 10a688 + 4?
10a68c
In base 6, what is 31 - -112143?
112214
In base 8, what is 2004 - -7330?
11334
In base 6, what is -45150 - 2404?
-51554
In base 15, what is 78 - 184?
-10b
In base 11, what is 49646 - 1?
49645
In base 15, what is -de + a1?
-3d
In base 13, what is -4 - -1605a4?
1605a0
In base 16, what is 1ab0 - b?
1aa5
In base 5, what is -4 - -4004030?
4004021
In base 10, what is -29700 + 3?
-29697
In base 13, what is -73 - -94?
21
In base 13, what is 12c + 2a5?
404
In base 12, what is 16 + -43?
-29
In base 4, what is 13 + -1131121311?
-1131121232
In base 6, what is 0 + 1110230?
1110230
In base 12, what is 4 - -1562?
1566
In base 15, what is -3170 + -10e?
-327e
In base 16, what is 9cd - -2?
9cf
In base 6, what is 41 - -4021?
4102
In base 11, what is -2 - -129316?
129314
In base 15, what is 194de - -10?
194ee
In base 11, what is -143 - 521?
-664
In base 10, what is 0 - 123519?
-123519
In base 15, what is 4962 + -11?
4951
In base 16, what is -5c9 + -2b?
-5f4
In base 3, what is -2001210011 + -2210?
-2001212221
In base 10, what is 4 + -110784?
-110780
In base 2, what is 10111001111 + 1011001001?
100010011000
In base 16, what is 46 - -263?
2a9
In base 16, what is -c69f9 - 2?
-c69fb
In base 2, what is 10011111111001111 + -1011?
10011111111000100
In base 14, what is -bc - -3474?
3396
In base 2, what is -1 + 100111001111101111100?
100111001111101111011
In base 7, what is -4 - -4656610?
4656603
In base 4, what is 0 - 212233?
-212233
In base 5, what is 343021311 + 4?
343021320
In base 2, what is 1 + 1101110111001000?
1101110111001001
In base 14, what is 213a - -2b?
2167
In base 5, what is -4 - -30300322?
30300313
In base 10, what is 0 + -137786?
-137786
In base 2, what is -101 - -1001100010001100?
1001100010000111
In base 14, what is -b2 + 498?
3c6
In base 16, what is -3a - 5415?
-544f
In base 15, what is 3959 - 1b?
393d
In base 2, what is 111110010101110001 + 1?
111110010101110010
In base 10, what is 3 + -45159?
-45156
In base 12, what is 278 - -694?
950
In base 13, what is 14680 - -2?
14682
In base 16, what is 4 + 10cb0?
10cb4
In base 13, what is -16b - -26?
-145
In base 3, what is -21121 - -10121?
-11000
In base 13, what is -99 + -2925?
-29c1
In base 15, what is 558d8c + 5?
558d92
In base 6, what is 250 + 1324?
2014
In base 11, what is 5 - -20685?
2068a
In base 9, what is 105545 - -4?
105550
In base 2, what is -1000111001000 + -10010?
-1000111011010
In base 5, what is 414242 - -1342?
421134
In base 6, what is 125344 - 1?
125343
In base 14, what is -444 - -10a?
-338
In base 15, what is 556 + -12?
544
In base 16, what is 124 + -79?
ab
In base 4, what is -223231221 + 0?
-223231221
In base 16, what is 30324 + 0?
30324
In base 6, what is 4 + 1233151?
1233155
In base 13, what is 14b + -5?
146
In base 6, what is -515534 + -5?
-515543
In base 10, what is 34 - -7732?
7766
In base 2, what is -101101100011100 - 10011110?
-101101110111010
In base 12, what is -4133 + 0?
-4133
In base 16, what is -2287 + 15d?
-212a
In base 3, what is 1102220 + 22021?
1202011
In base 5, what is 3210344 + -13?
3210331
In base 12, what is 369 + -571?
-204
In base 6, what is -1 + -34255450?
-34255451
In base 6, what is -11 + 14533514?
14533503
In base 10, what is 26886 + 3?
26889
In base 5, what is -134023 + -314?
-134342
In base 9, what is 138 + 2481?
2630
In base 8, what is -1 - -404756?
404755
In base 16, what is -74b + 2c2?
-489
In base 5, what is 1241 + -140121?
-133330
In base 5, what is 112 - 313404?
-313242
In base 3, what is 1 - -2110021102?
2110021110
In base 5, what is 14 - -22244232?
22244301
In base 7, what is -124161 + 2?
-124156
In base 13, what is c1b0 + -5?
c1a8
In base 5, what is -42312244 + 4?
-42312240
In base 7, what is -104 + 41154?
41050
In base 10, what is -11645 + 8?
-11637
In base 3, what is 2100221010 - 12?
2100220221
In base 5, what is -11234 + 3114?
-3120
In base 7, what is 4406 + -1336?
3040
In base 6, what is -4 - -220541?
220533
In base 15, what is 17ed68 + -1?
17ed67
In base 4, what is 13010 + 31201?
110211
In base 16, what is 1e0 + 191?
371
In base 11, what is -4 - 69667a?
-696683
In base 2, what is -1101 - -101011110101110?
101011110100001
In base 11, what is -50a00 - 4?
-50a04
In base 14, what is 906 + a?
912
In base 14, what is -74c08 + 4?
-74c04
In base 8, what is -720161 - -1?
-720160
In base 11, what is 55 + 23386?
23430
In base 4, what is 2022 + 11111?
13133
In base 8, what is 22620762 - 3?
22620757
In base 7, what is -12 - 3242?
-3254
In base 3, what is 11 - -1101112111?
1101112122
In base 10, what is 2966 - 10?
2956
In base 3, what is -10122212 - -1121011?
-2001201
In base 4, what is -21102 - 2310?
-30012
In base 3, what is 1 - -1222201?
1222202
In base 5, what is -123 - 2300140?
-2300313
In base 16, what is -5 + -205f?
-2064
In base 7, what is 3 - 65264?
-65261
In base 4, what is 11303332 - -1?
11303333
In base 11, what is -5 + -30778?
-30782
In base 9, what is 10711 + 62?
10773
In base 8, what is -33 + -113260?
-113313
In base 11, what is -6a81 - -3?
-6a79
In base 14, what is 1cb59 + 2?
1cb5b
In base 11, what is 3a + 49141?
49180
In base 12, what is -17086 + 3?
-17083
In base 9, what is 176 + 3520?
3706
In base 16, what is -75e6f + -1?
-75e70
In base 14, what is -dd8c - -3?
-dd89
In base 5, what is -2022 - -1211?
-311
In base 3, what is -10 - -10220102201?
10220102121
In base 5, what is 20 + -2040442?
-2040422
In base 16, what is 2 - -5fe?
600
In base 2, what is -100101110110101 - -1000?
-100101110101101
In base 5, what is -11 + 3143041?
3143030
In base 13, what is 763 - -109?
86c
In base 10, what is -732 - 3523?
-4255
In base 12, what is 1b92 + -6?
1b88
In base 9, what is -5284754 + 2?
-5284752
In base 8, what is 4 + -33113?
-33107
In base 4, what is -1130211 + 13?
-1130132
In base 10, what is -24 - -1687?
1663
In base 5, what is -10324 - -130?
-10144
In base 15, what is bee04 - 3?
bee01
In base 13, what is 57 - -2460?
24b7
In base 16, what is -18627 - 3?
-1862a
In base 14, what is 186c + 7d?
190b
In base 12, what is 2 - -4a609?
4a60b
In base 2, what is 111110101111001100 - 111?
11